s the tens digit of 5533079?
7
What is the thousands digit of 296151?
6
What is the tens digit of 187755?
5
What is the ten thousands digit of 14387723?
8
What is the tens digit of 58803?
0
What is the tens digit of 22502628?
2
What is the thousands digit of 788784?
8
What is the hundred thousands digit of 315735?
3
What is the millions digit of 20456299?
0
What is the ten thousands digit of 1435423?
3
What is the units digit of 2011045?
5
What is the thousands digit of 7740864?
0
What is the ten thousands digit of 6130071?
3
What is the ten millions digit of 11355433?
1
What is the ten thousands digit of 2868054?
6
What is the ten thousands digit of 1255663?
5
What is the hundred thousands digit of 1213647?
2
What is the ten thousands digit of 14525435?
2
What is the tens digit of 26867582?
8
What is the hundred thousands digit of 3781918?
7
What is the tens digit of 2894042?
4
What is the ten thousands digit of 730509?
3
What is the thousands digit of 5205419?
5
What is the ten thousands digit of 78897?
7
What is the thousands digit of 1826254?
6
What is the ten thousands digit of 25153113?
5
What is the ten thousands digit of 2316505?
1
What is the hundred thousands digit of 202152?
2
What is the hundred thousands digit of 390623?
3
What is the hundreds digit of 16074923?
9
What is the units digit of 1718955?
5
What is the thousands digit of 279605?
9
What is the ten thousands digit of 2667210?
6
What is the hundred thousands digit of 4147713?
1
What is the units digit of 216963?
3
What is the tens digit of 5622396?
9
What is the ten thousands digit of 133559?
3
What is the thousands digit of 293965?
3
What is the tens digit of 262556?
5
What is the ten thousands digit of 906275?
0
What is the hundreds digit of 20359773?
7
What is the ten thousands digit of 5734514?
3
What is the thousands digit of 286859?
6
What is the thousands digit of 23015?
3
What is the hundreds digit of 36204?
2
What is the units digit of 20037680?
0
What is the millions digit of 11573411?
1
What is the tens digit of 196418?
1
What is the tens digit of 2308858?
5
What is the units digit of 6886?
6
What is the hundreds digit of 110321?
3
What is the tens digit of 1692042?
4
What is the ten thousands digit of 486437?
8
What is the units digit of 440396?
6
What is the tens digit of 4055016?
1
What is the thousands digit of 648261?
8
What is the millions digit of 24900947?
4
What is the tens digit of 5389111?
1
What is the hundred thousands digit of 6441758?
4
What is the tens digit of 167253?
5
What is the tens digit of 40259104?
0
What is the hundreds digit of 905150?
1
What is the hundreds digit of 358727?
7
What is the hundred thousands digit of 1523231?
5
What is the ten millions digit of 11850778?
1
What is the millions digit of 23210066?
3
What is the thousands digit of 12405319?
5
What is the tens digit of 5668897?
9
What is the ten thousands digit of 5878005?
7
What is the ten millions digit of 11937339?
1
What is the ten thousands digit of 138626?
3
What is the thousands digit of 1064627?
4
What is the hundred thousands digit of 5985347?
9
What is the ten thousands digit of 357648?
5
What is the ten thousands digit of 1267775?
6
What is the hundred thousands digit of 560519?
5
What is the hundreds digit of 712322?
3
What is the millions digit of 15464679?
5
What is the millions digit of 1335937?
1
What is the ten thousands digit of 1256186?
5
What is the units digit of 817759?
9
What is the tens digit of 5410431?
3
What is the ten thousands digit of 72869?
7
What is the units digit of 116470?
0
What is the hundred thousands digit of 132141?
1
What is the ten thousands digit of 217916?
1
What is the tens digit of 608854?
5
What is the tens digit of 11266321?
2
What is the tens digit of 233323?
2
What is the ten thousands digit of 23207273?
0
What is the tens digit of 8514478?
7
What is the hundreds digit of 122957?
9
What is the hundred thousands digit of 3900449?
9
What is the units digit of 960123?
3
What is the tens digit of 73415?
1
What is the ten thousands digit of 6568674?
6
What is the tens digit of 55853?
5
What is the hundred thousands digit of 4550959?
5
What is the units digit of 73921?
1
What is the tens digit of 1874611?
1
What is the hundreds digit of 374097?
0
What is the tens digit of 90678?
7
What is the hundred thousands digit of 156117?
1
What is the millions digit of 16644937?
6
What is the ten thousands digit of 7201042?
0
What is the tens digit of 9271436?
3
What is the ten thousands digit of 183507?
8
What is the tens digit of 2831802?
0
What is the hundred thousands digit of 12944974?
9
What is the hundred thousands digit of 1152267?
1
What is the ten thousands digit of 1127789?
2
What is the ten thousands digit of 143997?
4
What is the ten thousands digit of 28862718?
6
What is the thousands digit of 17291714?
1
What is the ten thousands digit of 14166153?
6
What is the hundred thousands digit of 35824055?
8
What is the thousands digit of 8824383?
4
What is the millions digit of 7997500?
7
What is the units digit of 363480?
0
What is the hundreds digit of 1458494?
4
What is the ten thousands digit of 924161?
2
What is the thousands digit of 3787964?
7
What is the hundreds digit of 3324768?
7
What is the thousands digit of 9948733?
8
What is the hundreds digit of 21606293?
2
What is the hundred thousands digit of 1477248?
4
What is the tens digit of 14731633?
3
What is the ten thousands digit of 585624?
8
What is the hundred thousands digit of 3387368?
3
What is the tens digit of 109422?
2
What is the ten thousands digit of 5854663?
5
What is the thousands digit of 203950?
3
What is the hundreds digit of 1708071?
0
What is the ten thousands digit of 9772033?
7
What is the millions digit of 1308157?
1
What is the tens digit of 3889810?
1
What is the hundreds digit of 386783?
7
What is the tens digit of 3219168?
6
What is the ten thousands digit of 340484?
4
What is the units digit of 949463?
3
What is the hundred thousands digit of 117508?
1
What is the hundred thousands digit of 328750?
3
What is the hundreds digit of 1324329?
3
What is the tens digit of 330036?
3
What is the thousands digit of 1466049?
6
What is the hundreds digit of 2538308?
3
What is the units digit of 1770272?
2
What is the ten thousands digit of 2178158?
7
What is the tens digit of 618953?
5
What is the thousands digit of 804653?
4
What is the hundreds digit of 4588848?
8
What is the ten millions digit of 13435568?
1
What is the hundreds digit of 2288182?
1
What is the millions digit of 2452545?
2
What is the millions digit of 2309363?
2
What is the units digit of 897436?
6
What is the ten thousands digit of 696116?
9
What is the ten thousands digit of 233570?
3
What is the ten thousands digit of 3324639?
2
What is the units digit of 16301?
1
What is the hundred thousands digit of 205770?
2
What is the units digit of 2968016?
6
What is the thousands digit of 39877432?
7
What is the hundred thousands digit of 191429?
1
What is the millions digit of 30855156?
0
What is the hundred thousands digit of 32377708?
3
What is the hundreds digit of 3621402?
4
What is the units digit of 154858?
8
What is the hundreds digit of 245013?
0
What is the ten millions digit of 25118741?
2
What is the hundreds digit of 1396535?
5
What is the units digit of 3689353?
3
What is the millions digit of 8523577?
8
What is the hundreds digit of 74950?
9
What is the hundreds digit of 191699?
6
What is the tens digit of 238877?
7
What is the units digit of 24198719?
9
What is the ten thousands digit of 353018?
5
What is the ten thousands digit of 15625464?
2
What is the thousands digit of 671824?
1
What is the hundreds digit of 204545?
5
What is the hundred thousands digit of 251745?
2
What is the hundred thousands digit of 199311?
1
What is the thousands digit of 8072?
8
What is the hundred thousands digit of 16318223?
3
What is the units digit of 12858769?
9
What is the hundred thousands digit of 929378?
9
What is the thousands digit of 324728?
4
What is the tens digit of 736250?
5
What is the units digit of 7274868?
8
What is the tens digit of 3664161?
6
What is the tens digit of 246274?
7
What is the hundreds digit of 185366?
3
What is the ten thousands digit of 1035270?
3
What is the t